{"id":16780,"date":"2026-01-30T01:59:41","date_gmt":"2026-01-30T01:59:41","guid":{"rendered":"https:\/\/ycdcardgame.com\/?post_type=product&#038;p=16780"},"modified":"2026-03-26T10:40:13","modified_gmt":"2026-03-26T03:40:13","slug":"bundle-mega-pack-2025","status":"publish","type":"product","link":"https:\/\/ycdcardgame.com\/index.php\/san-pham\/bundle-mega-pack-2025\/","title":{"rendered":"Bundle Mega Pack 2025"},"content":{"rendered":"<p>Bundle Mega Pack 2025<\/p>\n<p>Bao g\u1ed3m 3 Mega Pack ,m\u1ed7i Mega Pack c\u00f3 13 l\u00e1 b\u00e0i ng\u1eabu nhi\u00ean ( random) ch\u1ee9a:<\/p>\n<p>&#8211; 1 Starlight Rare<\/p>\n<p>&#8211; 1 Prismatic Secret Rare<\/p>\n<p>&#8211; 3 Ultra Rare<\/p>\n<p>&#8211; 8 Common<\/p>\n<p>(T\u1ed5ng 1 h\u1ed9p (1 bundle) c\u00f3 39 l\u00e1 b\u00e0i, trong \u0111\u00f3 c\u00f3 15 foil card v\u1edbi 3 Starlight Rare si\u00eau hot )<\/p>\n<p>L\u01b0u \u00fd: H\u1ed9p c\u00f3 h\u00ecnh c\u00e1c nh\u00e2n v\u1eadt Yugi, Kaiba, Jonouchi kh\u00e1c nhau nh\u01b0ng n\u1ed9i dung b\u00ean trong ho\u00e0n to\u00e0n gi\u1ed1ng nhau.Shop giao ng\u1eabu nhi\u00ean .<\/p>\n<p>H\u00e0ng Ch\u00ednh h\u00e3ng Konami<\/p>\n<p>Xu\u1ea5t x\u1ee9 : USA (TCG)<\/p>\n<p>Card shop b\u00e1n ra \u0111\u1ec1u l\u00e0 h\u00e0ng nh\u1eadp kh\u1ea9u ch\u00ednh h\u00e3ng t\u1eeb n\u01b0\u1edbc ngo\u00e0i.<\/p>\n<p>Card \u0111\u01b0\u1ee3c ki\u1ec3m tra k\u1ef9 c\u00e0ng v\u00e0 \u0111\u00f3ng g\u00f3i c\u1ea9n th\u1eadn tr\u01b0\u1edbc khi giao \u0111\u1ebfn kh\u00e1ch h\u00e0ng.<\/p>\n","protected":false},"excerpt":{"rendered":"<p>Bundle Mega Pack 2025 Bao g\u1ed3m 3 Mega Pack ,m\u1ed7i Mega Pack c\u00f3 13 l\u00e1 b\u00e0i ng\u1eabu nhi\u00ean ( random)<\/p>\n","protected":false},"featured_media":16781,"comment_status":"open","ping_status":"closed","template":"","meta":[],"product_brand":[],"product_cat":[130,88],"product_tag":[],"class_list":{"0":"post-16780","1":"product","2":"type-product","3":"status-publish","4":"has-post-thumbnail","6":"product_cat-1st-edition","7":"product_cat-box","9":"first","10":"instock","11":"sale","12":"shipping-taxable","13":"purchasable","14":"product-type-simple"},"_links":{"self":[{"href":"https:\/\/ycdcardgame.com\/index.php\/wp-json\/wp\/v2\/product\/16780","targetHints":{"allow":["GET"]}}],"collection":[{"href":"https:\/\/ycdcardgame.com\/index.php\/wp-json\/wp\/v2\/product"}],"about":[{"href":"https:\/\/ycdcardgame.com\/index.php\/wp-json\/wp\/v2\/types\/product"}],"replies":[{"embeddable":true,"href":"https:\/\/ycdcardgame.com\/index.php\/wp-json\/wp\/v2\/comments?post=16780"}],"version-history":[{"count":1,"href":"https:\/\/ycdcardgame.com\/index.php\/wp-json\/wp\/v2\/product\/16780\/revisions"}],"predecessor-version":[{"id":16785,"href":"https:\/\/ycdcardgame.com\/index.php\/wp-json\/wp\/v2\/product\/16780\/revisions\/16785"}],"wp:featuredmedia":[{"embeddable":true,"href":"https:\/\/ycdcardgame.com\/index.php\/wp-json\/wp\/v2\/media\/16781"}],"wp:attachment":[{"href":"https:\/\/ycdcardgame.com\/index.php\/wp-json\/wp\/v2\/media?parent=16780"}],"wp:term":[{"taxonomy":"product_brand","embeddable":true,"href":"https:\/\/ycdcardgame.com\/index.php\/wp-json\/wp\/v2\/product_brand?post=16780"},{"taxonomy":"product_cat","embeddable":true,"href":"https:\/\/ycdcardgame.com\/index.php\/wp-json\/wp\/v2\/product_cat?post=16780"},{"taxonomy":"product_tag","embeddable":true,"href":"https:\/\/ycdcardgame.com\/index.php\/wp-json\/wp\/v2\/product_tag?post=16780"}],"curies":[{"name":"wp","href":"https:\/\/api.w.org\/{rel}","templated":true}]}}